{"id":140,"date":"2024-10-25T11:07:10","date_gmt":"2024-10-25T11:07:10","guid":{"rendered":"https:\/\/dummy.xtemos.com\/woodmart2\/makeup-elementor\/?post_type=product&#038;p=140"},"modified":"2026-03-12T00:03:54","modified_gmt":"2026-03-12T00:03:54","slug":"professional-semi-di-lino-scalp-relief-calming-tonic-125ml","status":"publish","type":"product","link":"https:\/\/tema6.depodanmusteriye.com\/index.php\/urun\/professional-semi-di-lino-scalp-relief-calming-tonic-125ml\/","title":{"rendered":"Alfaparf Milano Semi di Lino Scalp Relief \u2013 Hassas Sa\u00e7 Derisi \u0130\u00e7in Sakinle\u015ftirici Tonik"},"content":{"rendered":"\t\t<div data-elementor-type=\"wp-post\" data-elementor-id=\"140\" class=\"elementor elementor-140\">\n\t\t\t\t<div class=\"wd-negative-gap elementor-element elementor-element-9297760 e-flex e-con-boxed e-con e-parent\" data-id=\"9297760\" data-element_type=\"container\">\n\t\t\t\t\t<div class=\"e-con-inner\">\n\t\t\t\t<div class=\"elementor-element elementor-element-df3bed5 elementor-widget elementor-widget-wd_text_block\" data-id=\"df3bed5\" data-element_type=\"widget\" data-widget_type=\"wd_text_block.default\">\n\t\t\t\t<div class=\"elementor-widget-container\">\n\t\t\t\t\t\t\t<div class=\"wd-text-block reset-last-child text-left\">\n\t\t\t\n\t\t\t<p data-path-to-node=\"2\"><b data-path-to-node=\"2\" data-index-in-node=\"0\">Sa\u00e7 Deriniz \u0130\u00e7in An\u0131nda Rahatlama ve Denge.<\/b> Alfaparf Milano\u2019nun profesyonel Semi di Lino serisinden bu Calming Tonic, ka\u015f\u0131nt\u0131, k\u0131zar\u0131kl\u0131k ve kuruluk gibi hassasiyet problemleri ya\u015fayan sa\u00e7 derisini an\u0131nda yat\u0131\u015ft\u0131rmak i\u00e7in tasarlanm\u0131\u015ft\u0131r. Hafif ve durulama gerektirmeyen form\u00fcl\u00fcyle sa\u00e7 derisinin do\u011fal dengesini geri kazand\u0131r\u0131rken sa\u00e7lar\u0131n\u0131za ferahl\u0131k katar.<\/p><ul data-path-to-node=\"3\"><li><p data-path-to-node=\"3,0,0\"><b data-path-to-node=\"3,0,0\" data-index-in-node=\"0\">An\u0131nda Sakinle\u015ftirici Etki:<\/b> Uyguland\u0131\u011f\u0131 andan itibaren sa\u00e7 derisindeki gerginli\u011fi ve ka\u015f\u0131nt\u0131 hissini hafifleterek uzun s\u00fcreli bir konfor sa\u011flar.<\/p><\/li><li><p data-path-to-node=\"3,1,0\"><b data-path-to-node=\"3,1,0\" data-index-in-node=\"0\">Mikrobiyom Dengesi:<\/b> Sa\u00e7 derisinin sa\u011fl\u0131kl\u0131 floras\u0131n\u0131 korumaya yard\u0131mc\u0131 olan \u00f6zel bile\u015fenler i\u00e7erir; b\u00f6ylece hassasiyetin tekrarlanmas\u0131n\u0131 \u00f6nlemeye yard\u0131mc\u0131 olur.<\/p><\/li><li><p data-path-to-node=\"3,2,0\"><b data-path-to-node=\"3,2,0\" data-index-in-node=\"0\">Hafif ve Ya\u011fs\u0131z Doku:<\/b> Durulama gerektirmeyen bu tonik, sa\u00e7\u0131 a\u011f\u0131rla\u015ft\u0131rmaz veya ya\u011fland\u0131rmaz; g\u00fcn i\u00e7inde ihtiya\u00e7 duyulan her an uygulanabilir.<\/p><\/li><li><p data-path-to-node=\"3,3,0\"><b data-path-to-node=\"3,3,0\" data-index-in-node=\"0\">Semi di Lino Teknolojisi:<\/b> \u0130\u00e7eri\u011findeki keten tohumu \u00f6zleri ile sa\u00e7lara do\u011fal bir parlakl\u0131k kazand\u0131r\u0131rken, d\u0131\u015f etkenlere kar\u015f\u0131 koruma sa\u011flar.<\/p><\/li><\/ul>\n\t\t\t\t\t<\/div>\n\t\t\t\t\t\t<\/div>\n\t\t\t\t<\/div>\n\t\t\t\t\t<\/div>\n\t\t\t\t<\/div>\n\t\t\t\t<\/div>\n\t\t\n    <div class=\"xs_social_share_widget xs_share_url after_content \t\tmain_content  wslu-style-1 wslu-share-box-shaped wslu-fill-colored wslu-none wslu-share-horizontal wslu-theme-font-no wslu-main_content\">\n\n\t\t\n        <ul>\n\t\t\t        <\/ul>\n    <\/div> \n","protected":false},"excerpt":{"rendered":"<p>Sa\u00e7 Deriniz \u0130\u00e7in An\u0131nda Rahatlama ve Denge. Alfaparf Milano\u2019nun profesyonel Semi di Lino serisinden bu Calming Tonic, ka\u015f\u0131nt\u0131, k\u0131zar\u0131kl\u0131k ve<\/p>\n","protected":false},"featured_media":157,"comment_status":"open","ping_status":"closed","template":"","meta":{"postBodyCss":"","postBodyMargin":[],"postBodyPadding":[],"postBodyBackground":{"backgroundType":"classic","gradient":""}},"product_brand":[229],"product_cat":[219,206],"product_tag":[],"class_list":{"0":"post-140","1":"product","2":"type-product","3":"status-publish","4":"has-post-thumbnail","6":"product_brand-uriage","7":"product_cat-dudaklar","8":"product_cat-sac-derisi-bakimi","10":"first","11":"instock","12":"shipping-taxable","13":"purchasable","14":"product-type-simple"},"_links":{"self":[{"href":"https:\/\/tema6.depodanmusteriye.com\/index.php\/wp-json\/wp\/v2\/product\/140","targetHints":{"allow":["GET"]}}],"collection":[{"href":"https:\/\/tema6.depodanmusteriye.com\/index.php\/wp-json\/wp\/v2\/product"}],"about":[{"href":"https:\/\/tema6.depodanmusteriye.com\/index.php\/wp-json\/wp\/v2\/types\/product"}],"replies":[{"embeddable":true,"href":"https:\/\/tema6.depodanmusteriye.com\/index.php\/wp-json\/wp\/v2\/comments?post=140"}],"version-history":[{"count":4,"href":"https:\/\/tema6.depodanmusteriye.com\/index.php\/wp-json\/wp\/v2\/product\/140\/revisions"}],"predecessor-version":[{"id":16915,"href":"https:\/\/tema6.depodanmusteriye.com\/index.php\/wp-json\/wp\/v2\/product\/140\/revisions\/16915"}],"wp:featuredmedia":[{"embeddable":true,"href":"https:\/\/tema6.depodanmusteriye.com\/index.php\/wp-json\/wp\/v2\/media\/157"}],"wp:attachment":[{"href":"https:\/\/tema6.depodanmusteriye.com\/index.php\/wp-json\/wp\/v2\/media?parent=140"}],"wp:term":[{"taxonomy":"product_brand","embeddable":true,"href":"https:\/\/tema6.depodanmusteriye.com\/index.php\/wp-json\/wp\/v2\/product_brand?post=140"},{"taxonomy":"product_cat","embeddable":true,"href":"https:\/\/tema6.depodanmusteriye.com\/index.php\/wp-json\/wp\/v2\/product_cat?post=140"},{"taxonomy":"product_tag","embeddable":true,"href":"https:\/\/tema6.depodanmusteriye.com\/index.php\/wp-json\/wp\/v2\/product_tag?post=140"}],"curies":[{"name":"wp","href":"https:\/\/api.w.org\/{rel}","templated":true}]}}