{"id":148,"date":"2024-10-25T11:07:10","date_gmt":"2024-10-25T11:07:10","guid":{"rendered":"https:\/\/dummy.xtemos.com\/woodmart2\/makeup-elementor\/?post_type=product&#038;p=148"},"modified":"2026-03-12T00:24:50","modified_gmt":"2026-03-12T00:24:50","slug":"sunissime-the-after-sun-sorbet-50ml","status":"publish","type":"product","link":"https:\/\/tema6.depodanmusteriye.com\/index.php\/urun\/sunissime-the-after-sun-sorbet-50ml\/","title":{"rendered":"Lierac Sunissime The After Sun Sorbet \u2013 Ferahlat\u0131c\u0131 G\u00fcne\u015f Sonras\u0131 V\u00fccut Kremi"},"content":{"rendered":"\t\t<div data-elementor-type=\"wp-post\" data-elementor-id=\"148\" class=\"elementor elementor-148\">\n\t\t\t\t<div class=\"wd-negative-gap elementor-element elementor-element-a0cfda4 e-flex e-con-boxed e-con e-parent\" data-id=\"a0cfda4\" data-element_type=\"container\">\n\t\t\t\t\t<div class=\"e-con-inner\">\n\t\t\t\t<div class=\"elementor-element elementor-element-ca16f90 elementor-widget elementor-widget-wd_text_block\" data-id=\"ca16f90\" data-element_type=\"widget\" data-widget_type=\"wd_text_block.default\">\n\t\t\t\t<div class=\"elementor-widget-container\">\n\t\t\t\t\t\t\t<div class=\"wd-text-block reset-last-child text-left\">\n\t\t\t\n\t\t\t<p data-path-to-node=\"2\"><b data-path-to-node=\"2\" data-index-in-node=\"0\">G\u00fcne\u015ften Sonra Cildiniz \u0130\u00e7in Serinletici Bir Sorbe Dokunu\u015fu.<\/b> Lierac Sunissime serisinin bu yenilik\u00e7i \"sorbe\" dokulu kremi, g\u00fcne\u015f banyosu sonras\u0131 \u0131s\u0131nan ve gerilen cildi an\u0131nda sakinle\u015ftirmek i\u00e7in tasarland\u0131. Hafif buz etkisi yaratan form\u00fcl\u00fcyle cildin \u0131s\u0131s\u0131n\u0131 d\u00fc\u015f\u00fcr\u00fcrken, i\u00e7eri\u011findeki onar\u0131c\u0131 bile\u015fenlerle g\u00fcne\u015fin neden oldu\u011fu ya\u015flanma belirtilerine kar\u015f\u0131 sava\u015f\u0131r ve bronzlu\u011funuzun \u00f6mr\u00fcn\u00fc uzat\u0131r.<\/p><ul data-path-to-node=\"3\"><li><p data-path-to-node=\"3,0,0\"><b data-path-to-node=\"3,0,0\" data-index-in-node=\"0\">An\u0131nda Serinletici Etki:<\/b> E\u015fsiz sorbe dokusu ciltle temas etti\u011fi anda eriyerek ferahl\u0131k hissi verir; g\u00fcne\u015f yan\u0131\u011f\u0131 ve gerginlik hissini h\u0131zla yat\u0131\u015ft\u0131r\u0131r.<\/p><\/li><li><p data-path-to-node=\"3,1,0\"><b data-path-to-node=\"3,1,0\" data-index-in-node=\"0\">Ya\u015flanma Kar\u015f\u0131t\u0131 Onar\u0131m:<\/b> Hyaluronik asit ve bitkisel \u00f6zlerle zenginle\u015ftirilmi\u015f form\u00fcl\u00fc, cildi derinlemesine nemlendirir ve g\u00fcne\u015fin neden oldu\u011fu foto-ya\u015flanmaya (k\u0131r\u0131\u015f\u0131kl\u0131k ve sarkma) kar\u015f\u0131 cildi destekler.<\/p><\/li><li><p data-path-to-node=\"3,2,0\"><b data-path-to-node=\"3,2,0\" data-index-in-node=\"0\">I\u015f\u0131lt\u0131l\u0131 ve Uzun S\u00fcre Kal\u0131c\u0131 Bronzluk:<\/b> Cildi yat\u0131\u015ft\u0131r\u0131p besleyerek soyulmalar\u0131 \u00f6nler, b\u00f6ylece alt\u0131n rengi bronzlu\u011funuzun daha uzun s\u00fcre canl\u0131 ve e\u015fit kalmas\u0131n\u0131 sa\u011flar.<\/p><\/li><li><p data-path-to-node=\"3,3,0\"><b data-path-to-node=\"3,3,0\" data-index-in-node=\"0\">L\u00fcks ve Hafif Parf\u00fcm:<\/b> Yaz ak\u015famlar\u0131n\u0131 an\u0131msatan beyaz \u00e7i\u00e7ek notalar\u0131yla cildinizde ho\u015f ve taze bir koku b\u0131rak\u0131r.<\/p><\/li><\/ul>\n\t\t\t\t\t<\/div>\n\t\t\t\t\t\t<\/div>\n\t\t\t\t<\/div>\n\t\t\t\t\t<\/div>\n\t\t\t\t<\/div>\n\t\t\t\t<\/div>\n\t\t\n    <div class=\"xs_social_share_widget xs_share_url after_content \t\tmain_content  wslu-style-1 wslu-share-box-shaped wslu-fill-colored wslu-none wslu-share-horizontal wslu-theme-font-no wslu-main_content\">\n\n\t\t\n        <ul>\n\t\t\t        <\/ul>\n    <\/div> \n","protected":false},"excerpt":{"rendered":"<p>G\u00fcne\u015ften Sonra Cildiniz \u0130\u00e7in Serinletici Bir Sorbe Dokunu\u015fu. Lierac Sunissime serisinin bu yenilik\u00e7i &#8220;sorbe&#8221; dokulu kremi, g\u00fcne\u015f banyosu sonras\u0131 \u0131s\u0131nan<\/p>\n","protected":false},"featured_media":165,"comment_status":"open","ping_status":"closed","template":"","meta":{"postBodyCss":"","postBodyMargin":[],"postBodyPadding":[],"postBodyBackground":{"backgroundType":"classic","gradient":""}},"product_brand":[225],"product_cat":[198,209],"product_tag":[],"class_list":{"0":"post-148","1":"product","2":"type-product","3":"status-publish","4":"has-post-thumbnail","6":"product_brand-mizon","7":"product_cat-gunesten-sonra","8":"product_cat-vucut-losyonlari","10":"first","11":"instock","12":"shipping-taxable","13":"purchasable","14":"product-type-simple"},"_links":{"self":[{"href":"https:\/\/tema6.depodanmusteriye.com\/index.php\/wp-json\/wp\/v2\/product\/148","targetHints":{"allow":["GET"]}}],"collection":[{"href":"https:\/\/tema6.depodanmusteriye.com\/index.php\/wp-json\/wp\/v2\/product"}],"about":[{"href":"https:\/\/tema6.depodanmusteriye.com\/index.php\/wp-json\/wp\/v2\/types\/product"}],"replies":[{"embeddable":true,"href":"https:\/\/tema6.depodanmusteriye.com\/index.php\/wp-json\/wp\/v2\/comments?post=148"}],"version-history":[{"count":4,"href":"https:\/\/tema6.depodanmusteriye.com\/index.php\/wp-json\/wp\/v2\/product\/148\/revisions"}],"predecessor-version":[{"id":16947,"href":"https:\/\/tema6.depodanmusteriye.com\/index.php\/wp-json\/wp\/v2\/product\/148\/revisions\/16947"}],"wp:featuredmedia":[{"embeddable":true,"href":"https:\/\/tema6.depodanmusteriye.com\/index.php\/wp-json\/wp\/v2\/media\/165"}],"wp:attachment":[{"href":"https:\/\/tema6.depodanmusteriye.com\/index.php\/wp-json\/wp\/v2\/media?parent=148"}],"wp:term":[{"taxonomy":"product_brand","embeddable":true,"href":"https:\/\/tema6.depodanmusteriye.com\/index.php\/wp-json\/wp\/v2\/product_brand?post=148"},{"taxonomy":"product_cat","embeddable":true,"href":"https:\/\/tema6.depodanmusteriye.com\/index.php\/wp-json\/wp\/v2\/product_cat?post=148"},{"taxonomy":"product_tag","embeddable":true,"href":"https:\/\/tema6.depodanmusteriye.com\/index.php\/wp-json\/wp\/v2\/product_tag?post=148"}],"curies":[{"name":"wp","href":"https:\/\/api.w.org\/{rel}","templated":true}]}}